(q) = 2*q**2 - 6*q - 5. Let h(x) = d(x) - o(x). Let w(b) = -2*b**2 + 7*b - 4. Let f be w(2). Let i be (5 - 3/f)/(1/2). Give h(i).
2
Let w = 0 - 2. Let u(h) be the third derivative of h**5/20 - h**4/6 - 2*h**3/3 + 39523*h**2 + 2*h. Give u(w).
16
Let p(i) = -i**2 + i + 23. Let j be p(-4). Let m(c) = -697*c + 348*c - 3 + c**j - 5*c**2 + 345*c. Determine m(6).
9
Let f = 13 + -11. Suppose 22 = 5*z + 4*b, -4*z - 3*b = -0*b - 17. Let k(l) = -l**3 + 0*l**3 - 2*l - 176*l**z + 178*l**2. What is k(f)?
-4
Let p be (55/(-143)*13)/((-5)/(-12)). Let g(v) = -2*v**3 - 25*v**2 - 9*v + 27. Calculate g(p).
-9
Let z(t) be the first derivative of t**3/3 - 19*t**2/2 + 21*t + 2235. What is z(16)?
-27
Let i(w) = 15*w**3 + w**2 + 10*w + 33. Let a(o) = 7*o**3 + o**2 + 4*o + 16. Let y(q) = 13*a(q) - 6*i(q). Give y(-8).
10
Let t(a) = -2*a + 17. Let i be t(-9). Suppose 40 = -j + i. Let l(w) = 4*w + 15. Calculate l(j).
-5
Let m(q) be the third derivative of -q**4/3 + 10*q**3/3 + 26*q**2 + 7*q. What is m(9)?
-52
Let u(n) = 502*n**3 + 28*n - 279*n**3 - 224*n**3 + 15*n**2 + 20. Give u(17).
-82
Let n(z) = -3 + 377*z - 19 - 7 - 371*z. Let m be n(12). Let w = m + -48. Let f(y) = -y**2 - 4*y + 6. Calculate f(w).
1
Let l(c) = c**3 + 10*c**2 + 9*c - 2. Let q = 114 + -102. Suppose -22 - 11 = 3*m - 3*x, 0 = 2*m + 3*x + q. What is l(m)?
-2
Let p(l) = -l**2 - 5*l - 5. Let f(z) = 2*z - 5. Let j(b) = -b + 2. Let g(q) = -2*f(q) - 5*j(q). Let x(n) = 4*g(n) + p(n). Calculate x(0).
-5
Let d(j) = 25*j + 37*j + 27*j + 13 - 93*j. Suppose 18 + 10 = 4*q. Calculate d(q).
-15
Suppose -70 = 2*o + 31*o - 268. Let x(p) = -p**2 + 15*p - 4. What is x(o)?
50
Let q(y) = 3*y**3 + 3*y**2 - 5*y - 2. Let s(v) = -v**3 - v**2 + v. Let g(r) = -q(r) - 4*s(r). Suppose -c + x - 8 = 0, -c - 3*c = -2*x + 22. Calculate g(c).
-19
Let v = -14 - -9. Let k(u) be the third derivative of u**4/24 + 2*u**3/3 - 261*u**2 - 2. What is k(v)?
-1
Let b be 0 + 18/(-6) - -5. Suppose -3*i = -b*k + 19, -8 = i - 0*i + k. Let j(x) = x**2 + 6*x - 6. What is j(i)?
1
Let i(k) = 17*k - 3. Let f(h) = 9*h - 6. Let w(r) = -3*f(r) + 2*i(r). Give w(-4).
-16
Let s(c) be the first derivative of -7*c**4 + 2*c**3/3 + c**2/2 - c + 231. Calculate s(-1).
28
Let v(s) = -18*s - 19. Let k(n) = -14*n - 16. Let l(p) = -6*k(p) + 5*v(p). Let h be -4*((-5)/4 + 1). Let d = 2 + h. Determine l(d).
-17
Let d(s) = 18 + 2*s**2 - 7*s**3 + 9 + 23*s - 46. Let p(z) = -3*z**3 + 2*z**2 + 10*z - 10. Let k(j) = 4*d(j) - 9*p(j). Suppose -5*o - 30 = -2*o. Give k(o).
-6
Let s(t) = t**3 - 10*t**2 - 8*t + 16. Suppose 306 = 79*m - 415 - 148. Calculate s(m).
49
Let m(u) = 18*u + 1. Let a(d) = 8*d. Let c(n) = 5*a(n) - 2*m(n). Let y(f) = f - 3. Let o(q) = c(q) - y(q). What is o(6)?
19
Let b(l) = l**3 - 12*l**2 + 4*l + 46. Let r be b(7). Let z = r + 179. Let i(n) = -n**2 + 8*n - 4. What is i(z)?
-4
Let j(l) be the third derivative of l**5/60 + 7*l**4/24 - 13*l**3/6 - 367*l**2. Give j(-7).
-13
Let j(w) = -5*w**2 + 2*w - 2. Let p(z) = -12*z**3 - 71*z**2 + 7*z + 7. Let i be p(-6). Calculate j(i).
-5
Let o(l) be the third derivative of l**4/4 + 22*l**3/3 + 204*l**2. Let f be o(-7). Let u(j) = -4*j + 5. What is u(f)?
-3
Let v(m) = m**3 - m**2 + 1. Let g be (-6)/18 + (2 - 1130/(-6)). Let r = 189 - g. What is v(r)?
-1
Let m(q) be the third derivative of -q**6/120 - 3*q**5/10 + 5*q**4/6 + 49*q**3/6 + 6*q**2 - 25*q + 1. Determine m(-19).
30
Let x = 102 - 106. Let a be (-9)/x*(-5)/(15/(-4)). Let j(z) = -2*z**2 + 3*z - 1. Calculate j(a).
-10
Let c = -193 + 195. Let v(n) = -129 - 126 + 6*n**3 - 129 + 385 - n**c. Calculate v(-1).
-6
Let y(r) = 6*r + 9 - 26 + 2*r**2 - r**2 + 10. Let p(z) = -z**3 - 9*z**2 - 6*z + 11. Suppose 4*m = -n - 28, n + 4*m + 13 = 3*m. Let w be p(n). Calculate y(w).
-12
Let h(k) = k**2 - 6*k + 7. Let t = 470 - 468. Let b(z) = 3*z**3 - 4*z**2 - 2*z + 1. Let d be b(t). Give h(d).
2
Let w(f) = -95 + 6*f - 5*f - 86 + 172. Suppose 5*v - 18 - 17 = 0. Give w(v).
-2
Suppose 3*h = 5*s - 710, 3*s = 7*s - 2*h - 566. Suppose -s*o + 133*o = -48. Let z(f) = f**2 - 7*f + 6. Calculate z(o).
14
Let j(f) = 5*f + 92. Let o be -7 + (-70)/28*4. Give j(o).
7
Let w(h) = 16*h**2 - 3*h + 2. Let v = 2545 + -2544. Calculate w(v).
15
Suppose 8*b - 82 + 250 = 0. Let a be ((-12)/b)/(2/14). Let r(l) = l**2 - 4*l - 2. What is r(a)?
-2
Suppose -12*p = -8*p. Let v(s) = p*s + 8 + s**2 + 0*s - s. Let q = -48 - -48. Give v(q).
8
Suppose 2*a - 8 = -2. Suppose -a*y + 26 + 4 = 0. Suppose 0*z + y = 2*z. Let k(w) = w**3 - 5*w**2 + 4*w + 7. What is k(z)?
27
Let q(x) be the third derivative of x**6/180 - x**5/15 + 5*x**4/24 + 35*x**3/6 - 2*x**2. Let l(t) be the first derivative of q(t). Give l(5).
15
Suppose -14*g = -53 + 11. Let k(r) = -16*r**3 - 19*r**3 - r**2 + 47*r**g. Calculate k(1).
11
Let b(y) = -3*y**2 + y. Let s(l) = 12*l**2 - 6*l - 272. Let d(j) = -3*b(j) - s(j). Let r(t) be the first derivative of d(t). Give r(-6).
39
Let a(i) = -3 - 10 - 52*i**2 + 3*i + 109*i**2 + 4 - 56*i**2. Suppose 5*h + 6 = 2*x - 3*x, -2*x = -5*h + 12. Calculate a(x).
9
Suppose s = 0, f + s - 2 = -0*s. Let c be ((-2)/(-5) + (-16)/(-10))/f. Let b(k) = -5*k + 1. Calculate b(c).
-4
Let o(f) = 4*f**2 - 8*f + 6. Let v(w) = -3*w**2 + 7*w - 6. Let t(r) = -2*o(r) - 3*v(r). Suppose 0 = j - d - 5, 13 - 18 = 5*d. Give t(j).
2
Let h be 246/(-1353) + ((-42)/(-44))/((-1)/4). Let n(m) = 2*m - 6. What is n(h)?
-14
Let d(k) be the third derivative of -k**6/120 - k**5/15 - k**4/8 - k**3/2 + 242*k**2. Suppose 0 = 4*v + 59 - 19. Let p = 8 + v. What is d(p)?
-5
Let u(j) be the second derivative of -j**4/12 - 3*j**3/2 + 71*j**2 - 1892*j + 3. Determine u(-17).
6
Suppose 5*z + 0*i - 390 = -5*i, 5*z - 3*i = 366. Let u(p) = -3*p + 7. Let f be u(24). Let y = f + z. Let x(w) = -w**2 + 10*w - 6. Calculate x(y).
-6
Let v(q) be the third derivative of q**5/60 + 7*q**4/24 - 19*q**3/6 - 214*q**2. What is v(-10)?
11
Let z(b) = 427 - 652*b**2 - 9*b + 653*b**2 - 407. Give z(15).
110
Let b(m) = -2*m**3 + 6*m**2 - 15*m - 24. Let w(h) = 3*h**3 - 10*h**2 + 23*h + 35. Let p(t) = -14*b(t) - 9*w(t). What is p(-6)?
3
Let g(k) = 367*k + 3670. Let u be g(-10). Let j(v) be the second derivative of v**4/12 - v**3/6 - 13*v**2/2 + 4*v. Give j(u).
-13
Let y(d) = d**2 + d - 18. Let b be 1073/(-185) + (-6)/(-1) + (-5)/25. Determine y(b).
-18
Let m(g) = 30*g**2 + 13*g - 8. Let u(y) = -26*y**2 - 13*y + 6. Let o(j) = -6*m(j) - 7*u(j). Calculate o(-7).
13
Let v = 3 - 2. Suppose 4 = 5*p - 3*p, u - 15 = -5*p. Suppose m - a = -v, 9 = m - u*m + 5*a. Let k(h) = -h**2 - h - 4. What is k(m)?
-24
Let b(u) be the third derivative of 1/60*u**5 - 1/12*u**4 + 0 - 12*u**2 + 17/6*u**3 + 0*u. Let v(p) be the first derivative of b(p). Determine v(-6).
-14
Let j = -9127 + 9111. Let d(f) = 4*f + 80. What is d(j)?
16
Let g(u) be the third derivative of u**5/60 + 5*u**4/24 - 37*u**3/6 + 2*u**2 - 11*u. Let c be g(-9). Let i(t) = -4*t - 4 + 4 + 1. Calculate i(c).
5
Let q(g) = -3*g**3 + 2*g**2 + 11*g - 3. Let h be q(2). Let j(i) = -2*i**3 + 2*i**2 + 7*i - 3. Determine j(h).
-18
Let h = 5637 + -5644. Let p(c) = -c**3 - 8*c**2 - 12*c - 22. Calculate p(h).
13
Let s(d) = -d**2 + 9*d + 2. Let w = -239 + 246. Determine s(w).
16
Let d(n) = -n - 3750 + 2170 - 43*n - 10*n + 2013. What is d(8)?
1
Let i(m) be the first derivative of m**4/4 - 4*m**3/3 + m**2 - 8*m + 1066. Let c(p) = p**3 - 10*p**2 + 8*p + 13. Let a be c(9). Calculate i(a).
0
Let y(q) be the first derivative of q**4/4 + 15*q**3 + 22*q**2 + 5*q + 1479. Determine y(-44).
5
Let q(g) = 4*g**2 - 49*g - 52. Let x be q(-1). Let t(u) = 6*u**2 + 17*u - 17. Give t(x).
6
Suppose -1100 + 476 = 78*t. Let p(z) = z**2 + 9*z - 4. Give p(t).
-12
Let x(k) = k**3 + k**2 - 3. Let l(u) = -u**2 + 5*u - 2. Let z be l(1). Let i(t) = t**2 - 12*t + 9*t - z*t. Let c be i(5). Give x(c).
-3
Let f(j) = -4*j + 2. Let r = -239 + 73. Let o = -163 - r. What is f(o)?
-10
Suppose -3*o + 24 = -4*i, -9*o + 6*o + 9 = i. Let w(c) = c. Let x(l) = -l**2 - l - 2. Let n(u) = 3*w(u) - x(u). Determine n(i).
-1
Let a(o) = 2*o - 2. Let b be a(0). Let m(y) = -8*y + 4. Let s(d) = -23*d + 9. Let x(f) = 5*m(f) - 2*s(f). Give x(b).
-10
Let v(l) = -11*l - 3. Let p(r) = r**3 + 15*r**2 + 35*r - 8. Let b be p(-12). Suppose 5*m = -2*k + 13 - 2, -16 = -b*m + 2*k. Determine v(m).
-36
Let z(g) = 2*g**3 + 11*g**2 + 9*